 -2 - -6. What is the greatest common factor of h and u?
2
Let u(b) = -b**2 + 10*b. Let c be u(6). Let z = -14 + c. Let w(y) = y + 20. Let l be w(0). Calculate the greatest common factor of z and l.
10
Let c(y) = y. Let b be c(5). Suppose 3*t - 3 = 6. Suppose -t*u - 10 = -4*u. What is the highest common factor of b and u?
5
Let z = 67 - 54. What is the highest common divisor of 13 and z?
13
Let s be (-4 + (-52)/(-12))*39. What is the highest common factor of s and 65?
13
Suppose 0 = -8*d - 197 + 925. Suppose -45 = -5*o - 4*h, 15 = 2*h - 5*h. What is the greatest common divisor of d and o?
13
Suppose 170 - 5 = 5*z. Suppose 0 = g - 4*g + z. Calculate the highest common divisor of g and 1.
1
Let l(b) = 3 - 5 + 3*b - 5*b + 10*b**2 + 4. Let h be l(1). Calculate the greatest common factor of h and 1.
1
Let l = 1 + 5. Calculate the highest common divisor of 24 and l.
6
Suppose 2*d - 7*d + 585 = 0. Let g = -243 + 256. What is the greatest common factor of d and g?
13
Let w = 30 + 10. Calculate the highest common factor of 20 and w.
20
Let q be (-26 - -4)/(1/(-3)). What is the greatest common factor of q and 22?
22
Suppose 0 = -9*i + 12*i - 384. What is the greatest common divisor of 16 and i?
16
Let x = 3 - -15. What is the greatest common divisor of x and 126?
18
Suppose 3*l + 0 + 108 = 0. Let w = l - -106. Calculate the greatest common divisor of 10 and w.
10
Let p(u) = 2*u - 3 + 8*u + 11. Let q be p(10). What is the greatest common factor of 18 and q?
18
Let q(z) = -17*z - 15. Let v be q(-5). Calculate the greatest common divisor of 42 and v.
14
Let w(b) = -b - 7. Let c be w(-6). Let h = c + 11. Calculate the greatest common factor of 40 and h.
10
Let k(i) = i**3 - 2*i**2 - 3*i + 6. Let y be k(4). Suppose 0 = 2*h - 4*h + y. Calculate the highest common divisor of 13 and h.
13
Let x(k) = k**3 + 6*k**2 - k - 4. Let t be x(-6). Let h = 0 + 1. Let c be h*2*12/3. Calculate the highest common factor of t and c.
2
Suppose 6*u - 152 = -50. Calculate the highest common divisor of u and 17.
17
Let i(a) = -12*a + 12. Let d be i(-6). Calculate the greatest common divisor of 210 and d.
42
Let l(g) = g**3 + 6*g**2 - 12*g - 14. Let j be l(-7). What is the highest common divisor of j and 14?
7
Suppose 4*x + x - 4*t = 1272, 4*t - 264 = -x. Suppose 5*w - y - x = 0, y + 0 - 4 = 0. What is the greatest common factor of w and 26?
26
Let x(u) = 3*u - 5. Let p be x(6). Suppose 5*a + 4*k + 261 + 316 = 0, 550 = -5*a + 5*k. Let t = -74 - a. What is the highest common divisor of p and t?
13
Suppose -2*x - 4*v + 4 = 0, -2*x + 3*v + 13 = 4*v. What is the greatest common divisor of x and 40?
8
Suppose -4 = -2*d + 2. Let h(c) = -2 - 1 + d*c + c**2 - 4*c. Let k be h(3). What is the greatest common divisor of k and 27?
3
Suppose -16*s + 385 - 49 = 0. Suppose 2*w - 336 = -2*w. What is the greatest common factor of w and s?
21
Suppose -129 = -2*t - i, 0 = 2*i + 2*i - 12. Calculate the highest common divisor of t and 42.
21
Suppose 1043 = 3*d + 9*s - 11*s, 4*d - 1384 = s. Calculate the highest common divisor of d and 15.
15
Suppose -56*o + 52*o + 64 = 0. What is the greatest common factor of o and 8?
8
Let o be (3 - -37) + -3 - 3. What is the highest common divisor of o and 85?
17
Let l = -1 - -6. Suppose -2*f + 127 = 2*w - 107, -l*w = -f - 555. Suppose 7*m + 2*m - 126 = 0. Calculate the highest common divisor of w and m.
14
Suppose 3*m + 92 = 7*m - 3*o, -46 = -2*m - o. Suppose -2*u - 3*r = -172, 3*u + r - 3*r - 284 = 0. What is the greatest common divisor of m and u?
23
Let k(g) = g**3 + g**2 - g + 1. Let j(u) = -u**2 + 2*u - 61. Let l(v) = -j(v) - k(v). Let b be l(0). What is the greatest common factor of 20 and b?
20
Let b = 24 - 14. What is the highest common divisor of b and 20?
10
Suppose -2*k + 6 = -4*b, 24 = -2*k - 5*b - 6. Let s be 123/15 - (-1)/k. What is the highest common factor of 32 and s?
8
Let r be (3 + (-27 - 0))*15/(-12). What is the greatest common divisor of 20 and r?
10
Let l be 1/(2/3)*2. Let r(q) = q**2 + 4*q + 9. Let o be r(-4). What is the highest common divisor of l and o?
3
Suppose 69 = 2*n + 15. What is the highest common divisor of 9 and n?
9
Suppose 0 = o + 3*o - 224. Suppose 3*b = -b + o. Let c(h) = -h**2 + 10*h + 4. Let t be c(6). Calculate the highest common divisor of b and t.
14
Suppose 4*o = -6 + 46. Suppose 0 = 5*b, -3*b + 2*b = l - o. Calculate the highest common factor of l and 90.
10
Let k be 1*-1*(0 + 0). Let x = 110 + 7. Suppose r - x = -k*r. Calculate the greatest common factor of 13 and r.
13
Let t = -19 - -31. Let c(q) = q**2. Let o be c(2). Suppose o*u + 0*k + k = 33, 3*k - 3 = 0. Calculate the highest common divisor of t and u.
4
Let p(a) = -7*a - 4. Let c be p(4). Let m be (-23)/(3 - (-100)/c). Calculate the greatest common factor of 23 and m.
23
Let y be 12/42 - 1256/(-14). Suppose -2*i + 38 - 8 = 0. What is the highest common factor of i and y?
15
Suppose -t - 6 = 2*t, 3*h - 4*t = 29. Let x(l) = -l**3 - 7*l**2 + 3*l + 9. Let r be x(-8). Calculate the greatest common divisor of h and r.
7
Let c be 1 + -2 + (-1 - -38). Suppose 6*f + 36 = 2*p + 4*f, -3*f = -p + 18. What is the highest common factor of c and p?
18
Let r be 109 + -1 + 12/3. Calculate the greatest common divisor of r and 14.
14
Suppose -21 = -4*v + 15. Suppose h - 4*h + v = 0. Suppose h*x + 60 = 7*x + 4*s, 12 = x - 2*s. What is the greatest common factor of 112 and x?
14
Let h(q) = -5*q**2 + 12*q - 4. Let f(r) = -11*r**2 + 25*r - 7. Let g(t) = -6*f(t) + 13*h(t). Let a be g(-9). What is the highest common divisor of a and 51?
17
Let w be ((-15)/(-10))/((-3)/(-200)). Let p(f) = -f**3 - 3*f**2 + f - 5. Let o be p(-5). Calculate the highest common factor of w and o.
20
Let w(s) = -s + 1. Let r be w(0). Calculate the greatest common divisor of r and 4.
1
Let k = 2 + 0. Suppose -5*l + 66 = -2*j, 2*j = 2*l + 3*j - 30. What is the highest common factor of l and k?
2
Let m = -4 + 1. Suppose 2*h = 7*h - 5*a - 45, 4*a + 20 = 0. Let v = m + h. What is the highest common factor of 8 and v?
1
Let f = -90 - -102. Calculate the highest common factor of 28 and f.
4
Let s(o) = -16*o**3 + o. Let y be s(-1). Let t = y - 9. What is the highest common factor of 30 and t?
6
Let v(a) = -2*a - 4. Let j(r) = -2*r - 5. Let c(s) = 4*j(s) - 5*v(s). Let i be c(2). Let x = -54 - -98. What is the greatest common divisor of x and i?
4
Suppose -3*s + 22 = -23. Let l be 9*20*2/3. What is the greatest common divisor of s and l?
15
Let j be (-9)/6*2/(-1). Let b be (-3)/(j/(-7)) - 1. Calculate the highest common divisor of b and 6.
6
Let p be (5/(-15))/((-2)/108). What is the highest common factor of p and 27?
9
Let z be 5 - 7 - (-32 - 2). Calculate the greatest common divisor of 64 and z.
32
Let k be (9/(-4))/((-15)/(-200)). Let g be 91/5 - (-6)/k. What is the greatest common factor of g and 45?
9
Let s be (-1 - -1) + 1/1. Let r(t) be the first derivative of 5*t**2 + t + 3. Let h be r(s). Calculate the greatest common divisor of 1 and h.
1
Let s = -8 + 3. Let m = 3 + s. Let q be m/6 - (-474)/18. What is the highest common factor of q and 39?
13
Let v be (-14)/(-49) - 138/(-7). Let j = 183 + -23. What is the highest common factor of j and v?
20
Let q(c) = 7*c + 7. Let x be q(11). What is the greatest common factor of 56 and x?
28
Let n = -10 - -25. Suppose -5*b = -4*h + 1 + 1, -3*b + n = 3*h. Calculate the highest common factor of 12 and h.
3
Let n(p) = 0 + 0*p + p + p**2 - 4. Let f be n(-5). Calculate the greatest common divisor of 24 and f.
8
Let p(g) = g**3 - 9*g**2 + 2*g - 2. Let r be p(9). What is the highest common divisor of r and 144?
16
Suppose -f = -2*f + 2*r + 104, -5*r - 535 = -5*f. What is the greatest common factor of 10 and f?
10
Let o(p) = -9*p**3 + 5*p**2 + 3*p + 1. Let j be o(-4). Let i = -3 + j. Let b be 2/3 - i/(-9). Calculate the highest common divisor of 18 and b.
18
Let l(z) = z + 14. Let k be l(4). Let r(h) = -h**3 - 5*h**2 + 5. Let m be r(-5). Suppose 60 = m*c + 15. What is the greatest common divisor of k and c?
9
Let n = -6 + 6. Suppose n = m - 6*m + 60. What is the greatest common divisor of 48 and m?
12
Suppose 0 = 2*x - 3*x + 5*h + 12, -x - 2*h + 19 = 0. Calculate the highest common factor of 153 and x.
17
Suppose 6*i - 4*i = -5*r + 56, 5*i = r + 86. Let a = 6 - 9. Let v be a*